)/(-9) + 22/66. Let o = 261 + t. List the prime factors of o.
2, 7, 11
What are the prime factors of 1*(54264 + 26 + 14)?
2, 1697
Let k = -3556 - -17419. List the prime factors of k.
3, 4621
Suppose -3*o = 3*m - 2790, -2*m - o + 1860 = 4*o. Let q be 123/18 - (370/(-60) + 6). Suppose -q*x + m = -x. What are the prime factors of x?
5, 31
Let x = -63 + 110. Let o = 51 - x. Suppose -q - a + 80 = 0, -3*q + 405 = 2*q + o*a. List the prime factors of q.
5, 17
Let v = 14746 - 3960. What are the prime factors of v?
2, 5393
Let k = -20721 - -36226. List the prime factors of k.
5, 7, 443
Let q(s) = 269*s**3 - 3*s**2 + s - 12. Let l be q(4). Suppose 5232 = -24*n + l. What are the prime factors of n?
7, 71
Suppose -4*n + 0*n + g - 47 = 0, 0 = 3*n - g + 36. Let z(c) = 3*c + 30. Let p be z(n). List the prime factors of 1/3*p - -23.
2, 11
Let f(c) be the second derivative of c**5/5 - c**4/2 - 2*c**3/3 - 7*c**2/2 + 4*c + 3. What are the prime factors of f(5)?
17, 19
Suppose 34620 = 7*i - 30375. List the prime factors of i.
3, 5, 619
Let j = 519 - -94. Suppose -t = -5*v - 197, -3*t - 2*v + j = -6*v. List the prime factors of t.
3, 23
Let n(j) = 3*j - j**3 - 59*j**3 - 40*j**3 + 1 + 3*j**2 - 50*j**3. Suppose -1 - 3 = 4*a. What are the prime factors of n(a)?
151
Let m(p) = 4170*p + 1146. What are the prime factors of m(9)?
2, 3, 11, 293
Let k(t) = -5*t. Let j be k(-7). Suppose -7 = -3*i + j. What are the prime factors of 526/i + (-28)/49?
37
Let g(h) = -1043*h**3 + 20*h**2 + 16*h - 100. What are the prime factors of g(-3)?
11, 233
Suppose -3*x = -2*r - 21777, 0 = x - r - 1567 - 5690. What are the prime factors of x?
3, 269
Let c(r) = 339*r - 56. Let a(k) = -3*k**2 + 24*k + 61. Let w be a(10). List the prime factors of c(w).
283
Let k = 38 - -92. Suppose -80 = -3*v + d + k, d - 342 = -5*v. What are the prime factors of v?
3, 23
Suppose 81*g - 1117134 - 310005 = 0. List the prime factors of g.
3, 7, 839
Let g(m) = -10*m - 56. Let a be g(-6). Suppose 0 = 2*l + a*t - 48, 4*l - 2*t - 117 = -3*t. What are the prime factors of l*(424/45 - 30/135)?
2, 3, 23
Suppose 2*w - 3*r = 336, 234 = 3*w + 4*r - 236. Let b = -47 + w. Suppose -n + b = -3. List the prime factors of n.
2, 59
What are the prime factors of (16 - 16) + (71 - (1 + -1))?
71
Let x = 4187 - -4102. List the prime factors of x.
3, 307
Suppose 3*f = 11 - 5, 4*o - 7242 = f. List the prime factors of o.
1811
Suppose -7*u + 16 = -19. Suppose 7*s - 2*s - 18 = -3*a, -5*a + u = 0. Suppose 0 = -2*y + s*y - 241. What are the prime factors of y?
241
Let i(d) = -d**3 - 11*d**2 - 3*d - 57. Let x be i(-13). Let p = x - 228. What are the prime factors of p?
2, 23
Let b(r) = -2 + 10*r**2 - 4*r - 6*r**3 + 4*r**3 + 3 + 3*r**3. What are the prime factors of b(-5)?
2, 73
Suppose -125943 = 118*w - 123*w - 4*t, -2*t - 25183 = -w. What are the prime factors of w?
89, 283
Let d be (0 + 1 + 8)*7/21. Suppose -3*t - 5*o + 1147 = 0, -d*t + 2*t - 5*o = -379. What are the prime factors of t?
2, 3
Let w(t) = 10*t**2 - 24*t - 360. List the prime factors of w(18).
2, 3, 17
What are the prime factors of (((-25269075)/(-100))/(-39))/(6/(-8))?
53, 163
Suppose 2*d + 20 = 3*k, -k + 5*d = -0*d - 24. Suppose k*p - f - 3*f = 64, p = 3*f + 18. Let w = p + 67. List the prime factors of w.
2, 41
Suppose 0 = 3*v + 2*s - 47, -2*s = -v - 4*s + 21. Let g be (v + 1)*(-162)/(-12). Let y = -119 + g. What are the prime factors of y?
2, 5, 7
Let f be 18/(-3) - 876/(-4). Suppose -219*a = -f*a - 9312. What are the prime factors of a?
2, 97
Let w(o) = o**3 + 10*o**2 + 9*o + 3. Let r be w(-9). What are the prime factors of 1926/6 + r*(-6)/9?
11, 29
Let g(w) = w**3 + 2*w - 3*w - 7 + 20*w**2 + w + 91 + 3*w. List the prime factors of g(-19).
2, 97
Suppose -3*p + 0*p - 156 = -3*r, r = -3*p + 32. Let j = r - 34. Suppose j - 103 = -9*d. List the prime factors of d.
2, 5
Let z(q) = 342*q + 1373. What are the prime factors of z(29)?
7, 1613
Suppose -5*a = -4*u - 366839, 3*u + 21206 + 125524 = 2*a. What are the prime factors of a?
3, 37, 661
Let d(m) = m**3 + 88*m**2 + 353*m + 57. What are the prime factors of d(-81)?
3, 11, 17, 31
Suppose 5*r + 2*p - 24195 = 0, r + 3*p = -2*r + 14508. Suppose -2*f - 7*a + 8*a = -3227, 0 = 3*f - a - r. List the prime factors of f.
2, 3, 269
Let s(g) = 8*g - 22. Let j be s(9). Let f = 585 - j. List the prime factors of f.
5, 107
Suppose 0 = 13262*w - 13234*w - 177072. List the prime factors of w.
2, 3, 17, 31
Let p = 396 + -226. Suppose 32*r - 438 = 38*r. Let v = r + p. What are the prime factors of v?
97
Let v(x) = 17*x - 65. Suppose 18*s - 128 = -38. List the prime factors of v(s).
2, 5
Let v(i) = -7*i**2 + 19*i - 4. Let x be v(3). Let s be 4 + -1 - (630 - (-4 - x)). What are the prime factors of s/(-18)*(16/(-6))/(-2)?
2, 23
Let z(i) = 2348*i + 1577. List the prime factors of z(18).
7, 6263
Let p = -54 - -58. Suppose -4*o + 5*g + 16 = 0, -3*o - 2*g = -2*o - p. Suppose -2*h + 9*x = o*x - 112, 0 = 2*x - 4. What are the prime factors of h?
61
Let k = -76 - -71. Let a be (-451)/k + 52/65. Let b = a + 12. List the prime factors of b.
103
Let y be (2/(-18))/1 - (-2277)/81. List the prime factors of (-2)/7 + ((-97696)/y)/(-4).
2, 109
Suppose -2*c + 2392 = 6*c. Let o = -142 + c. Suppose 0 = w + 5*i - 65, 2*w - o = -4*i - 45. What are the prime factors of w?
2, 5
Let q be ((10/(-4))/(-1))/((-2)/(-392)). Suppose -f + 11*f = q. List the prime factors of 14/f + (-598)/(-14) + 3.
2, 23
Suppose 4*m = -m - 2*g + 18, -3*m = 5*g - 7. Suppose -4*k = k - i + 28, -m*k - 18 = -3*i. List the prime factors of -1*k/3 + 71.
73
Let c(h) = 36*h - 100. Suppose 8*d = d + 70. What are the prime factors of c(d)?
2, 5, 13
Let m(c) be the third derivative of -c**6/40 + c**5/30 + 13*c**4/24 + 7*c**3/6 + c**2 + 56*c. List the prime factors of m(-3).
67
Suppose -5 = 3*h - 17, 5*l - 615 = -5*h. Let f = -2077 - -2114. Suppose -4*n + f = x, -3*x + l = 4*n + 8. What are the prime factors of x?
37
Let a(o) = o**2 - 3*o - 15. Let d be a(-3). Let p = -55 + 58. Suppose -i + p*g = 14 - 58, d*i - 108 = g. List the prime factors of i.
5, 7
Suppose 0 = -27*i + 15094 + 8531. List the prime factors of (-9)/(-27) + i/3.
2, 73
Let y = 40848 - -25321. What are the prime factors of y?
66169
Let f = -26253 - -57322. List the prime factors of f.
31069
Suppose 11*v = 285 + 67. Suppose 34*t + 6 = v*t. What are the prime factors of 25 + 3 + t/(4 + -7)?
29
Let i(j) = -15*j + 10. Let a be i(6). Let o be ((-135)/(-36))/((-1)/a). Suppose 2*m + o = 8*m. List the prime factors of m.
2, 5
Let q(v) = v**3 - 10*v**2 + 13*v. Let n be q(9). Let f = 166 - n. What are the prime factors of f?
2, 5, 13
Let l(c) be the third derivative of -23*c**4/24 + c**2. Suppose g - 1039 = -1040. What are the prime factors of l(g)?
23
Let w(u) = -u**3 - 37*u**2 + 34*u - 81. What are the prime factors of w(-38)?
71
Suppose -2*j = 5*j - 14. Suppose 541 - j = 7*n. Let f = n + -36. What are the prime factors of f?
41
Let q(j) = 2*j**2 - 8*j + 2. Let u be q(4). List the prime factors of 5 + 411 + -3 + u.
5, 83
Let p(q) = q**3 - 6*q + 9. Let f be p(2). Let a(m) = m**3 + 3*m**2 - 29*m - 2. What are the prime factors of a(f)?
53
Let u = -1384 - -697. Let y = u + 1061. Suppose 494 = 4*v + 3*j, 5*j - y = -3*v + j. List the prime factors of v.
2, 61
Let u = 66 + -63. Suppose 0 = 64*z - 58*z - 4182. Suppose 14*q + u*q - z = 0. List the prime factors of q.
41
Let s(l) = -17*l + 43. Let j be s(8). Let u = j + 92. Let v = u - -81. List the prime factors of v.
2, 5
Let b(x) = -x**3 - 20*x**2 - 54*x + 26. Suppose 4*n + 4*l = -52, -9*n = -11*n - 5*l - 11. What are the prime factors of b(n)?
2, 5, 7
Let f be ((-2 + 2)/(-4))/(-1). Suppose 9*n - 1726 - 398 = f. What are the prime factors of n?
2, 59
What are the prime factors of (((-132)/27)/(-11))/((-7)/(-569394))?
2, 4519
Let l = -3360 + 2134. Let i = 2721 + l. List the prime factors of i.
5, 13, 23
Suppose 0 = 2*f + 4, 66*l - 63*l - 4*f = -37. Let s(x) be the first derivative of 2*x**3/3 + 25*x**2/2 - 2*x - 1. What are the prime factors of s(l)?
73
Let n(o) = 11*o + 147. Let j be n(-13). What are the prime factors of ((-389)/1)/(2/j*-2)?
389
Let d(y) = y**2 + 10*y + 46. Let a be d(-11). Let b = a - 61. List the prime factors of (41/b)/((-249)/(-84) + -3).
7, 41
Let h(p) = -p**3 + 4*p**2 - 4